771?
1863
What is the greatest common factor of 8556 and 3857169?
69
What is the highest common divisor of 6768 and 24614088?
1128
What is the highest common factor of 93949462 and 16426?
382
What is the highest common divisor of 608942 and 3538?
58
What is the highest common factor of 205403 and 396?
11
What is the greatest common factor of 1285544 and 10?
2
Calculate the greatest common divisor of 25011 and 91791.
63
What is the highest common factor of 57 and 26754185?
19
Calculate the greatest common factor of 529848 and 2516109.
669
What is the highest common divisor of 93345 and 577290?
105
Calculate the greatest common factor of 1720 and 24175761.
43
Calculate the greatest common divisor of 1888964 and 1232.
308
Calculate the greatest common factor of 1499251200 and 6000.
1200
What is the greatest common factor of 1611402 and 68766?
438
Calculate the greatest common factor of 13506738 and 70686.
714
Calculate the greatest common divisor of 10857874 and 124.
62
What is the greatest common divisor of 2772 and 525217?
77
What is the highest common factor of 104956776 and 68769?
7641
Calculate the highest common factor of 1628750 and 44302.
2606
Calculate the highest common divisor of 1609000 and 45000.
1000
Calculate the greatest common divisor of 4876 and 19724.
4
What is the greatest common factor of 22428601 and 13026?
2171
Calculate the greatest common factor of 77365 and 8720.
5
Calculate the highest common divisor of 8 and 67808216.
8
Calculate the highest common divisor of 10681 and 3861.
11
What is the highest common divisor of 17534178 and 216?
54
What is the greatest common factor of 2497264 and 6?
2
What is the greatest common divisor of 11040750 and 14325?
75
Calculate the greatest common factor of 396 and 755865.
99
Calculate the greatest common divisor of 26936 and 26317200.
728
What is the highest common factor of 342 and 59077422?
342
What is the highest common factor of 10617655 and 465?
155
Calculate the highest common factor of 26909989 and 37.
37
What is the greatest common divisor of 1337 and 280795785?
191
What is the greatest common factor of 61730706 and 272?
34
Calculate the highest common factor of 24428364 and 16962.
1542
What is the greatest common factor of 60 and 7180396?
4
Calculate the highest common divisor of 87395 and 145.
5
What is the greatest common divisor of 159284395 and 5?
5
What is the greatest common factor of 6695704 and 256?
8
What is the greatest common factor of 656143 and 66466?
167
What is the highest common factor of 1593 and 188269?
59
Calculate the highest common divisor of 189 and 923799681.
189
Calculate the greatest common divisor of 25413442 and 40.
2
What is the highest common divisor of 189 and 1276506?
189
What is the greatest common divisor of 7392 and 15505392?
336
What is the greatest common divisor of 68134 and 143450?
38
What is the highest common factor of 19071 and 2522?
13
What is the highest common divisor of 4200377 and 46631?
3587
What is the greatest common factor of 11814 and 1196436?
1074
What is the greatest common factor of 182 and 155586158?
182
What is the greatest common divisor of 1609560 and 4760?
680
What is the greatest common factor of 148106 and 8520?
142
Calculate the highest common factor of 242 and 3807322354.
242
Calculate the highest common divisor of 54 and 10795854.
6
Calculate the greatest common divisor of 207 and 1659864.
69
Calculate the greatest common divisor of 903 and 1598814.
21
Calculate the highest common factor of 1334602 and 2913958.
4618
Calculate the highest common divisor of 95317216 and 160.
32
Calculate the highest common factor of 98747102 and 356.
178
What is the greatest common factor of 2720380 and 780?
260
What is the highest common divisor of 6487326 and 738?
18
What is the highest common divisor of 252 and 719376?
84
Calculate the greatest common factor of 393242362 and 46.
46
What is the greatest common factor of 1484223 and 5928?
741
What is the greatest common divisor of 263836568 and 1128?
376
Calculate the highest common factor of 89470 and 139840.
230
What is the highest common factor of 13189 and 757768?
1199
Calculate the greatest common divisor of 53344792 and 3592.
3592
What is the greatest common factor of 6952 and 212115?
79
Calculate the greatest common divisor of 4239909 and 72.
9
What is the greatest common divisor of 19976 and 3799980?
908
Calculate the highest common divisor of 11 and 40276027.
11
What is the highest common divisor of 28375 and 12960?
5
What is the highest common divisor of 1728 and 132051?
3
Calculate the highest common factor of 164500 and 96068.
1316
What is the highest common divisor of 13574 and 33318?
1234
What is the highest common factor of 720 and 1127010?
30
Calculate the greatest common factor of 1249138530 and 90.
90
Calculate the highest common factor of 427991445 and 210.
105
Calculate the greatest common factor of 3289380 and 5694.
438
Calculate the greatest common factor of 172956 and 38164.
812
What is the highest common factor of 1036480 and 11480?
1640
Calculate the greatest common divisor of 38479 and 116557.
7
Calculate the greatest common factor of 4916 and 205916492.
4916
What is the highest common factor of 1318 and 2697287?
659
What is the greatest common divisor of 1116576 and 1008?
144
Calculate the greatest common factor of 132 and 8764107.
33
Calculate the highest common factor of 18315820 and 21344.
2668
What is the greatest common factor of 566733895 and 910?
455
What is the greatest common divisor of 166701 and 481683?
921
What is the highest common factor of 27855 and 1965?
15
Calculate the highest common divisor of 8976 and 363579.
51
Calculate the greatest common divisor of 3220 and 46470235.
805
Calculate the greatest common divisor of 16999 and 1896145.
89
What is the greatest common divisor of 27475252 and 13272?
2212
Calculate the greatest common divisor of 8528 and 5382.
26
What is the greatest common factor of 1198350 and 1260?
90
Calculate the highest common factor of 13 and 32629480.
13
What is the greatest common divisor of 3585 and 13679165?
1195
What is the greatest common factor of 50595500 and 5?
5
What is the highest common divisor of 2014530664 and 712?
712
What is the highest common factor of 14670 and 94910?
10
What is the highest common divisor of 1365175 and 19575?
725
What is the greatest common factor of 127584 and 35352?
72
What is the greatest common divisor of 7548 and 563244?
204
What is the highest common divisor of 1282430 and 999730?
2570
Calculate the highest common factor of 192 and 9132608.
64
Calculate the greatest common factor of 8024 and 1566260728.
8024
Calculate the greatest common divisor of 11628258 and 596.
298
What is the highest common divisor of 1620447 and 6?
3
What is the greatest common divisor of 10 and 67466270?
10
Calculate the greatest common divisor of 17218 and 29550.
2
What is the greatest common divisor of 32520592 and 48?
16
Calculate the highest common divisor of 153306516 and 1936.
484
Calculate the highest common divisor of 28 and 13315414.
14
What is the greatest common factor of 1436839047 and 3101?
3101
Calculate the highest common factor of 767848 and 11152.
328
What is the highest common factor of 10353 and 112404?
1479
Calculate the greatest common factor of 1625 and 61884875.
1625
What is the greatest common factor of 6593 and 4446?
19
Calculate the greatest common factor of 1002547 and 598.
299
What is the highest common divisor of 485636 and 6346?
334
Calculate the greatest common divisor of 11 and 776347902.
11
Calculate the highest common divisor of 434700 and 239490.
270
Calculate the greatest common factor of 3948 and 7926660.
84
Calculate the greatest common factor of 221 and 84407063.
13
What is the greatest common factor of 4268255 and 16110?
895
Calculate the highest common factor of 1279096 and 4267.
251
Calculate the greatest common divisor of 969984 and 37872.
144
Calculate the highest common divisor of 3847431 and 833.
49
What is the highest common factor of 96 and 1687688?
8
Calculate the greatest common divisor of 129952 and 69998.
62
What is the highest common divisor of 582845247 and 27?
27
Calculate the highest common divisor of 180 and 123478380.
180
What is the greate